{"id":1177,"date":"2024-09-11T20:26:20","date_gmt":"2024-09-12T02:26:20","guid":{"rendered":"https:\/\/grupoalyter.com\/?post_type=product&#038;p=1177"},"modified":"2024-10-15T16:30:27","modified_gmt":"2024-10-15T22:30:27","slug":"globos-de-latex-marca-sensacional-perla-metalizados","status":"publish","type":"product","link":"https:\/\/grupoalyter.com\/index.php\/producto\/globos-de-latex-marca-sensacional-perla-metalizados\/","title":{"rendered":"Globos de L\u00e1tex marca Sensacional Perla \/ Metalizados"},"content":{"rendered":"<h2>Introduce un Toque Festivo a Tu Evento<\/h2>\n<p>Los globos de l\u00e1tex marca Sensacional son la opci\u00f3n perfecta para cualquier celebraci\u00f3n. Con una amplia gama de colores Perla disponibles, puedes encontrar el globo ideal que se adapte a la tem\u00e1tica de tu evento.<\/p>\n<h2>Diversidad de Medidas para Cada Necesidad<\/h2>\n<p>Los globos de l\u00e1tex marca Sensacional vienen en diferentes medidas, permiti\u00e9ndote elegir el tama\u00f1o adecuado seg\u00fan tus necesidades espec\u00edficas. Ya sea que necesites globos grandes para un impacto visual mayor o globos peque\u00f1os para detalles decorativos, hay una opci\u00f3n para ti.<\/p>\n<h2>Calidad y Durabilidad<\/h2>\n<p>Hechos con materiales de alta calidad, los globos de l\u00e1tex marca Sensacional son duraderos y seguros para ser utilizados en interiores y exteriores. Aseguran horas de diversi\u00f3n sin preocuparte por reventones inesperados.<\/p>\n","protected":false},"excerpt":{"rendered":"<p>Introduce un Toque Festivo a Tu Evento Los globos de l\u00e1tex marca Sensacional son la opci\u00f3n perfecta para cualquier celebraci\u00f3n. Con una amplia gama de colores Perla disponibles, puedes encontrar el globo ideal que se adapte a la tem\u00e1tica de tu evento. Diversidad de Medidas para Cada Necesidad Los globos de l\u00e1tex marca Sensacional vienen [&hellip;]<\/p>\n","protected":false},"featured_media":944,"comment_status":"open","ping_status":"closed","template":"","meta":[],"product_cat":[17,21,80,73],"product_tag":[],"class_list":{"0":"post-1177","1":"product","2":"type-product","3":"status-publish","4":"has-post-thumbnail","6":"product_cat-globos","7":"product_cat-latex","8":"product_cat-sensacional","9":"product_cat-perla-metalizado","11":"first","12":"instock","13":"shipping-taxable","14":"purchasable","15":"product-type-variable"},"_links":{"self":[{"href":"https:\/\/grupoalyter.com\/index.php\/wp-json\/wp\/v2\/product\/1177"}],"collection":[{"href":"https:\/\/grupoalyter.com\/index.php\/wp-json\/wp\/v2\/product"}],"about":[{"href":"https:\/\/grupoalyter.com\/index.php\/wp-json\/wp\/v2\/types\/product"}],"replies":[{"embeddable":true,"href":"https:\/\/grupoalyter.com\/index.php\/wp-json\/wp\/v2\/comments?post=1177"}],"wp:featuredmedia":[{"embeddable":true,"href":"https:\/\/grupoalyter.com\/index.php\/wp-json\/wp\/v2\/media\/944"}],"wp:attachment":[{"href":"https:\/\/grupoalyter.com\/index.php\/wp-json\/wp\/v2\/media?parent=1177"}],"wp:term":[{"taxonomy":"product_cat","embeddable":true,"href":"https:\/\/grupoalyter.com\/index.php\/wp-json\/wp\/v2\/product_cat?post=1177"},{"taxonomy":"product_tag","embeddable":true,"href":"https:\/\/grupoalyter.com\/index.php\/wp-json\/wp\/v2\/product_tag?post=1177"}],"curies":[{"name":"wp","href":"https:\/\/api.w.org\/{rel}","templated":true}]}}